{"id":10812,"date":"2022-11-30T16:14:49","date_gmt":"2022-11-30T16:14:49","guid":{"rendered":"https:\/\/lejardindelaperriere.bzh\/?product=petit-panier-pour-un-mois"},"modified":"2022-11-30T20:50:40","modified_gmt":"2022-11-30T20:50:40","slug":"petit-panier-pour-un-mois","status":"publish","type":"product","link":"https:\/\/lejardindelaperriere.bzh\/?product=petit-panier-pour-un-mois","title":{"rendered":"petit panier pour un mois"},"content":{"rendered":"<p>vous n avez pas le temps de passer? il vous faut des l\u00e9gumes pour vous, pendant un mois?<\/p>\n<p><strong>Voici la bonne formule!<\/strong><\/p>\n<p>Dans ce panier, vous trouverez les l\u00e9gumes  de saison, pomme de terre, carottes navet, m\u00e2che et courges par exemple pour l hiver<\/p>\n","protected":false},"excerpt":{"rendered":"<p>vous n avez pas le temps de passer? il vous faut des l\u00e9gumes pour vous, pendant un mois? Voici la bonne formule! Dans ce panier, vous trouverez les l\u00e9gumes de saison, pomme de terre, carottes navet, m\u00e2che et courges par exemple pour l hiver<\/p>\n","protected":false},"featured_media":10814,"comment_status":"open","ping_status":"closed","template":"","meta":{"inline_featured_image":false,"jetpack_post_was_ever_published":false},"product_cat":[19],"product_tag":[],"class_list":{"0":"post-10812","1":"product","2":"type-product","3":"status-publish","4":"has-post-thumbnail","6":"product_cat-paniers-de-saison","8":"first","9":"instock","10":"sale","11":"taxable","12":"shipping-taxable","13":"purchasable","14":"product-type-simple"},"jetpack_sharing_enabled":true,"_links":{"self":[{"href":"https:\/\/lejardindelaperriere.bzh\/index.php?rest_route=\/wp\/v2\/product\/10812","targetHints":{"allow":["GET"]}}],"collection":[{"href":"https:\/\/lejardindelaperriere.bzh\/index.php?rest_route=\/wp\/v2\/product"}],"about":[{"href":"https:\/\/lejardindelaperriere.bzh\/index.php?rest_route=\/wp\/v2\/types\/product"}],"replies":[{"embeddable":true,"href":"https:\/\/lejardindelaperriere.bzh\/index.php?rest_route=%2Fwp%2Fv2%2Fcomments&post=10812"}],"wp:featuredmedia":[{"embeddable":true,"href":"https:\/\/lejardindelaperriere.bzh\/index.php?rest_route=\/wp\/v2\/media\/10814"}],"wp:attachment":[{"href":"https:\/\/lejardindelaperriere.bzh\/index.php?rest_route=%2Fwp%2Fv2%2Fmedia&parent=10812"}],"wp:term":[{"taxonomy":"product_cat","embeddable":true,"href":"https:\/\/lejardindelaperriere.bzh\/index.php?rest_route=%2Fwp%2Fv2%2Fproduct_cat&post=10812"},{"taxonomy":"product_tag","embeddable":true,"href":"https:\/\/lejardindelaperriere.bzh\/index.php?rest_route=%2Fwp%2Fv2%2Fproduct_tag&post=10812"}],"curies":[{"name":"wp","href":"https:\/\/api.w.org\/{rel}","templated":true}]}}