{"id":587,"date":"2021-10-14T02:24:40","date_gmt":"2021-10-14T02:24:40","guid":{"rendered":"https:\/\/demo2wpopal.b-cdn.net\/ecolive\/?page_id=587"},"modified":"2022-11-30T12:44:50","modified_gmt":"2022-11-30T12:44:50","slug":"a-propos","status":"publish","type":"page","link":"https:\/\/lejardindelaperriere.bzh\/?page_id=587","title":{"rendered":"A propos"},"content":{"rendered":"\t\t<div data-elementor-type=\"wp-page\" data-elementor-id=\"587\" class=\"elementor elementor-587\">\n\t\t\t\t\t\t<div class=\"elementor-section elementor-top-section elementor-element elementor-element-df3f5b8 elementor-section-stretched elementor-section-boxed elementor-section-height-default elementor-section-height-default\" data-id=\"df3f5b8\" data-element_type=\"section\" data-settings=\"{&quot;stretch_section&quot;:&quot;section-stretched&quot;}\">\n\t\t\t\t\t\t<div class=\"elementor-container elementor-column-gap-no\">\n\t\t\t\t\t<div class=\"elementor-column elementor-col-50 elementor-top-column elementor-element elementor-element-05715d6\" data-id=\"05715d6\" data-element_type=\"column\">\n\t\t\t<div class=\"elementor-widget-wrap elementor-element-populated\">\n\t\t\t\t\t\t<div class=\"elementor-element elementor-element-37644fd elementor-absolute elementor-widget elementor-widget-image\" data-id=\"37644fd\" data-element_type=\"widget\" data-settings=\"{&quot;_position&quot;:&quot;absolute&quot;}\" data-widget_type=\"image.default\">\n\t\t\t\t<div class=\"elementor-widget-container\">\n\t\t\t<style>\/*! elementor - v3.23.0 - 05-08-2024 *\/\n.elementor-widget-image{text-align:center}.elementor-widget-image a{display:inline-block}.elementor-widget-image a img[src$=\".svg\"]{width:48px}.elementor-widget-image img{vertical-align:middle;display:inline-block}<\/style>\t\t\t\t\t\t\t\t\t\t<img fetchpriority=\"high\" decoding=\"async\" width=\"2560\" height=\"1699\" src=\"https:\/\/i0.wp.com\/lejardindelaperriere.bzh\/wp-content\/uploads\/2022\/11\/ferme_jonathan-130602-0081-scaled.jpg?fit=2560%2C1699&amp;ssl=1\" class=\"attachment-full size-full wp-image-10563\" alt=\"\" srcset=\"https:\/\/i0.wp.com\/lejardindelaperriere.bzh\/wp-content\/uploads\/2022\/11\/ferme_jonathan-130602-0081-scaled.jpg?w=2560&amp;ssl=1 2560w, https:\/\/i0.wp.com\/lejardindelaperriere.bzh\/wp-content\/uploads\/2022\/11\/ferme_jonathan-130602-0081-scaled.jpg?resize=300%2C199&amp;ssl=1 300w, https:\/\/i0.wp.com\/lejardindelaperriere.bzh\/wp-content\/uploads\/2022\/11\/ferme_jonathan-130602-0081-scaled.jpg?resize=1024%2C680&amp;ssl=1 1024w, https:\/\/i0.wp.com\/lejardindelaperriere.bzh\/wp-content\/uploads\/2022\/11\/ferme_jonathan-130602-0081-scaled.jpg?resize=768%2C510&amp;ssl=1 768w, https:\/\/i0.wp.com\/lejardindelaperriere.bzh\/wp-content\/uploads\/2022\/11\/ferme_jonathan-130602-0081-scaled.jpg?resize=1536%2C1020&amp;ssl=1 1536w, https:\/\/i0.wp.com\/lejardindelaperriere.bzh\/wp-content\/uploads\/2022\/11\/ferme_jonathan-130602-0081-scaled.jpg?resize=2048%2C1360&amp;ssl=1 2048w, https:\/\/i0.wp.com\/lejardindelaperriere.bzh\/wp-content\/uploads\/2022\/11\/ferme_jonathan-130602-0081-scaled.jpg?resize=800%2C531&amp;ssl=1 800w, https:\/\/i0.wp.com\/lejardindelaperriere.bzh\/wp-content\/uploads\/2022\/11\/ferme_jonathan-130602-0081-scaled.jpg?w=1960&amp;ssl=1 1960w\" sizes=\"(max-width: 980px) 100vw, 980px\" \/>\t\t\t\t\t\t\t\t\t\t\t\t\t<\/div>\n\t\t\t\t<\/div>\n\t\t\t\t\t<\/div>\n\t\t<\/div>\n\t\t\t\t<div class=\"elementor-column elementor-col-50 elementor-top-column elementor-element elementor-element-942bc6f\" data-id=\"942bc6f\" data-element_type=\"column\">\n\t\t\t<div class=\"elementor-widget-wrap elementor-element-populated\">\n\t\t\t\t\t\t<div class=\"elementor-element elementor-element-c70e0ac elementor-widget elementor-widget-text-editor\" data-id=\"c70e0ac\" data-element_type=\"widget\" data-widget_type=\"text-editor.default\">\n\t\t\t\t<div class=\"elementor-widget-container\">\n\t\t\t<style>\/*! elementor - v3.23.0 - 05-08-2024 *\/\n.elementor-widget-text-editor.elementor-drop-cap-view-stacked .elementor-drop-cap{background-color:#69727d;color:#fff}.elementor-widget-text-editor.elementor-drop-cap-view-framed .elementor-drop-cap{color:#69727d;border:3px solid;background-color:transparent}.elementor-widget-text-editor:not(.elementor-drop-cap-view-default) .elementor-drop-cap{margin-top:8px}.elementor-widget-text-editor:not(.elementor-drop-cap-view-default) .elementor-drop-cap-letter{width:1em;height:1em}.elementor-widget-text-editor .elementor-drop-cap{float:left;text-align:center;line-height:1;font-size:50px}.elementor-widget-text-editor .elementor-drop-cap-letter{display:inline-block}<\/style>\t\t\t\t<p><br \/><br \/><br \/><br \/>Pr\u00e9sentation de la ferme<\/p>\t\t\t\t\t\t<\/div>\n\t\t\t\t<\/div>\n\t\t\t\t<div class=\"elementor-element elementor-element-ec076b7 elementor-widget__width-initial elementor-widget elementor-widget-heading\" data-id=\"ec076b7\" data-element_type=\"widget\" data-widget_type=\"heading.default\">\n\t\t\t\t<div class=\"elementor-widget-container\">\n\t\t\t<style>\/*! elementor - v3.23.0 - 05-08-2024 *\/\n.elementor-heading-title{padding:0;margin:0;line-height:1}.elementor-widget-heading .elementor-heading-title[class*=elementor-size-]>a{color:inherit;font-size:inherit;line-height:inherit}.elementor-widget-heading .elementor-heading-title.elementor-size-small{font-size:15px}.elementor-widget-heading .elementor-heading-title.elementor-size-medium{font-size:19px}.elementor-widget-heading .elementor-heading-title.elementor-size-large{font-size:29px}.elementor-widget-heading .elementor-heading-title.elementor-size-xl{font-size:39px}.elementor-widget-heading .elementor-heading-title.elementor-size-xxl{font-size:59px}<\/style><h2 class=\"elementor-heading-title elementor-size-default\">Historique de la ferme<\/h2>\t\t<\/div>\n\t\t\t\t<\/div>\n\t\t\t\t<div class=\"elementor-element elementor-element-f5d907b elementor-widget__width-initial elementor-widget elementor-widget-text-editor\" data-id=\"f5d907b\" data-element_type=\"widget\" data-widget_type=\"text-editor.default\">\n\t\t\t\t<div class=\"elementor-widget-container\">\n\t\t\t\t\t\t\t<p>Le Jardin de la Perri\u00e8re, <a href=\"https:\/\/web.archive.org\/web\/20210412201239\/https:\/\/www.google.fr\/maps\/place\/Le+Jardin+de+la+Perri%C3%A8re\/@48.455308,-2.39257,15z\/data=!4m2!3m1!1s0x0:0x40a01004ed1d2709\" target=\"_blank\" rel=\"noopener noreferrer\">Lieu-dit Launay Chauvin<\/a>, 22270 Pl\u00e9d\u00e9liac<\/p><p>Ferme <a href=\"#http:\/\/certificat.ecocert.com\/certificat.php?list=5DB5CFE3-1341-4F67-8AA7-22AA33760BF5&amp;id=125534\">certifi\u00e9e<\/a> en mara\u00eechage\u00a0biologique, dirig\u00e9 par Jonathan Chabert.<\/p><p>Le parcours de Jonathan \u00e0 commenc\u00e9 en 2003 chez <a href=\"#https:\/\/gilfort.fr\/index.php\/fr\/andrieux.html\">Jean Fran\u00e7ois Andrieux<\/a> par un stage de d\u00e9couverte. Ce stage, a l \u00e9poque de l adolescence (et de la grande canicule..) fut un \u00e9lectrochoc et fut le premier d une longue s\u00e9rie de salariats, de stages au rocher go\u00e9land. Alain me forma\u00a0 en 2003, puis devenu un ami, c\u2019est naturellement que je me suis tourn\u00e9 vers lui pour m\u2019\u00e9pauler \u00e0 la ferme.Puis, en 2007 apr\u00e8s quelques p\u00e9r\u00e9grinations lointaines, quelques mois pass\u00e8rent chez Annick et Jean Yves Lebret \u00e0 Treverien. D\u00e9couverte forte d un lieu et de personnes engag\u00e9s dans une agriculture biologique exigeante.<\/p><p>Le temps passe et la d\u00e9cision fut prise de choisir ce m\u00e9tier de paysan en \u00e9tant au Br\u00e9sil, b\u00e9n\u00e9vole \u00e0 Bona Espero. Choisir et suivre une formation th\u00e9orique, le BPREA au Rheu et confrontant th\u00e9orie et pratique, en 2009- 2010 au <a href=\"#https:\/\/www.keldelice.com\/producteurs\/jardin-du-dragon-vert-domaine-de-portecluse\">Jardin du Dragon Vert<\/a> en Ari\u00e8ge chez Josianne Delattre et -feu- Fran\u00e7ois Mazu\u00e9 pour qui j\u2019ai une pens\u00e9e toute particuli\u00e8re.<\/p><p>De retour plus tardivement en Bretagne en passant par l Am\u00e9rique du sud et la Dr\u00f4me, je choisis de m installer en 2012 \u00e0 Pl\u00e9d\u00e9liac\u00a0 en \u00e9tant pass\u00e9 par le parcours \u00e0 l installation et notamment un stage de 2 mois au <a href=\"#https:\/\/www.jardindessalines.com\/\">Gaec des Salines<\/a> chez Antoine Cabaret et Xavier Dub\u00e9e.<\/p><p>Nominativement le Jardin de la Perri\u00e8re existe depuis novembre 2012 suite \u00e0 la reprise du Potager de Solenn cr\u00e9e en 2007 par Solenn B\u00e9cel sur les terres de Guy Lesn\u00e9 \u00e0<br \/>Pl\u00e9d\u00e9liac.<\/p><p><a href=\"#http:\/\/www.confederationpaysanne22.fr\/Presentation-agriculture-paysanne_634.html\">L\u2019agriculture paysanne<\/a> que nous pratiquons est une agriculture<br \/>\u00e9thique car biologique, certifi\u00e9e, et cherchant \u00e0 aller plus loin que la<br \/>technique.<\/p>\t\t\t\t\t\t<\/div>\n\t\t\t\t<\/div>\n\t\t\t\t<div class=\"elementor-element elementor-element-0e0f461 elementor-align-left elementor-mobile-align-center elementor-widget elementor-widget-button\" data-id=\"0e0f461\" data-element_type=\"widget\" data-widget_type=\"button.default\">\n\t\t\t\t<div class=\"elementor-widget-container\">\n\t\t\t\t\t<div class=\"elementor-button-wrapper\">\n\t\t\t<a class=\"elementor-button elementor-button-link elementor-size-sm\" href=\"https:\/\/lejardindelaperriere.bzh\/?page_id=418\">\n\t\t\t\t\t\t<span class=\"elementor-button-content-wrapper\">\n\t\t\t\t\t\t\t\t\t<span class=\"elementor-button-text\">Actualit\u00e9s de la ferme<\/span>\n\t\t\t\t\t<\/span>\n\t\t\t\t\t<\/a>\n\t\t<\/div>\n\t\t\t\t<\/div>\n\t\t\t\t<\/div>\n\t\t\t\t\t<\/div>\n\t\t<\/div>\n\t\t\t\t\t<\/div>\n\t\t<\/div>\n\t\t\t\t<div class=\"elementor-section elementor-top-section elementor-element elementor-element-a7aa63e elementor-section-stretched elementor-section-boxed elementor-section-height-default elementor-section-height-default\" data-id=\"a7aa63e\" data-element_type=\"section\" data-settings=\"{&quot;stretch_section&quot;:&quot;section-stretched&quot;,&quot;background_background&quot;:&quot;classic&quot;}\">\n\t\t\t\t\t\t<div class=\"elementor-container elementor-column-gap-no\">\n\t\t\t\t\t<div class=\"elementor-column elementor-col-100 elementor-top-column elementor-element elementor-element-69595fa\" data-id=\"69595fa\" data-element_type=\"column\">\n\t\t\t<div class=\"elementor-widget-wrap\">\n\t\t\t\t\t\t\t<\/div>\n\t\t<\/div>\n\t\t\t\t\t<\/div>\n\t\t<\/div>\n\t\t\t\t<\/div>\n\t\t","protected":false},"excerpt":{"rendered":"<p>Pr\u00e9sentation de la ferme Historique de la ferme Le Jardin de la Perri\u00e8re, Lieu-dit Launay Chauvin, 22270 Pl\u00e9d\u00e9liac Ferme certifi\u00e9e en mara\u00eechage\u00a0biologique, dirig\u00e9 par Jonathan Chabert. Le parcours de Jonathan \u00e0 commenc\u00e9 en 2003 chez Jean Fran\u00e7ois Andrieux par un stage de d\u00e9couverte. Ce stage, a l \u00e9poque de l adolescence (et de la grande [&hellip;]<\/p>\n","protected":false},"author":1,"featured_media":0,"parent":0,"menu_order":0,"comment_status":"closed","ping_status":"closed","template":"template-homepage.php","meta":{"inline_featured_image":false,"jetpack_post_was_ever_published":false,"footnotes":""},"class_list":["post-587","page","type-page","status-publish","hentry"],"jetpack_sharing_enabled":true,"_links":{"self":[{"href":"https:\/\/lejardindelaperriere.bzh\/index.php?rest_route=\/wp\/v2\/pages\/587","targetHints":{"allow":["GET"]}}],"collection":[{"href":"https:\/\/lejardindelaperriere.bzh\/index.php?rest_route=\/wp\/v2\/pages"}],"about":[{"href":"https:\/\/lejardindelaperriere.bzh\/index.php?rest_route=\/wp\/v2\/types\/page"}],"author":[{"embeddable":true,"href":"https:\/\/lejardindelaperriere.bzh\/index.php?rest_route=\/wp\/v2\/users\/1"}],"replies":[{"embeddable":true,"href":"https:\/\/lejardindelaperriere.bzh\/index.php?rest_route=%2Fwp%2Fv2%2Fcomments&post=587"}],"version-history":[{"count":16,"href":"https:\/\/lejardindelaperriere.bzh\/index.php?rest_route=\/wp\/v2\/pages\/587\/revisions"}],"predecessor-version":[{"id":10729,"href":"https:\/\/lejardindelaperriere.bzh\/index.php?rest_route=\/wp\/v2\/pages\/587\/revisions\/10729"}],"wp:attachment":[{"href":"https:\/\/lejardindelaperriere.bzh\/index.php?rest_route=%2Fwp%2Fv2%2Fmedia&parent=587"}],"curies":[{"name":"wp","href":"https:\/\/api.w.org\/{rel}","templated":true}]}}

<div data-elementor-type="wp-page" data-elementor-id="587" class="elementor elementor-587">
						<div class="elementor-section elementor-top-section elementor-element elementor-element-df3f5b8 elementor-section-stretched elementor-section-boxed elementor-section-height-default elementor-section-height-default" data-id="df3f5b8" data-element_type="section" data-settings="{&quot;stretch_section&quot;:&quot;section-stretched&quot;}">
						<div class="elementor-container elementor-column-gap-no">
					<div class="elementor-column elementor-col-50 elementor-top-column elementor-element elementor-element-05715d6" data-id="05715d6" data-element_type="column">
			<div class="elementor-widget-wrap elementor-element-populated">
						<div class="elementor-element elementor-element-37644fd elementor-absolute elementor-widget elementor-widget-image" data-id="37644fd" data-element_type="widget" data-settings="{&quot;_position&quot;:&quot;absolute&quot;}" data-widget_type="image.default">
				<div class="elementor-widget-container">
			<style>/*! elementor - v3.23.0 - 05-08-2024 */
.elementor-widget-image{text-align:center}.elementor-widget-image a{display:inline-block}.elementor-widget-image a img[src$=".svg"]{width:48px}.elementor-widget-image img{vertical-align:middle;display:inline-block}</style>										<img fetchpriority="high" decoding="async" width="2560" height="1699" src="https://i0.wp.com/lejardindelaperriere.bzh/wp-content/uploads/2022/11/ferme_jonathan-130602-0081-scaled.jpg?fit=2560%2C1699&amp;ssl=1" class="attachment-full size-full wp-image-10563" alt="" srcset="https://i0.wp.com/lejardindelaperriere.bzh/wp-content/uploads/2022/11/ferme_jonathan-130602-0081-scaled.jpg?w=2560&amp;ssl=1 2560w, https://i0.wp.com/lejardindelaperriere.bzh/wp-content/uploads/2022/11/ferme_jonathan-130602-0081-scaled.jpg?resize=300%2C199&amp;ssl=1 300w, https://i0.wp.com/lejardindelaperriere.bzh/wp-content/uploads/2022/11/ferme_jonathan-130602-0081-scaled.jpg?resize=1024%2C680&amp;ssl=1 1024w, https://i0.wp.com/lejardindelaperriere.bzh/wp-content/uploads/2022/11/ferme_jonathan-130602-0081-scaled.jpg?resize=768%2C510&amp;ssl=1 768w, https://i0.wp.com/lejardindelaperriere.bzh/wp-content/uploads/2022/11/ferme_jonathan-130602-0081-scaled.jpg?resize=1536%2C1020&amp;ssl=1 1536w, https://i0.wp.com/lejardindelaperriere.bzh/wp-content/uploads/2022/11/ferme_jonathan-130602-0081-scaled.jpg?resize=2048%2C1360&amp;ssl=1 2048w, https://i0.wp.com/lejardindelaperriere.bzh/wp-content/uploads/2022/11/ferme_jonathan-130602-0081-scaled.jpg?resize=800%2C531&amp;ssl=1 800w, https://i0.wp.com/lejardindelaperriere.bzh/wp-content/uploads/2022/11/ferme_jonathan-130602-0081-scaled.jpg?w=1960&amp;ssl=1 1960w" sizes="(max-width: 980px) 100vw, 980px" />													</div>
				</div>
					</div>
		</div>
				<div class="elementor-column elementor-col-50 elementor-top-column elementor-element elementor-element-942bc6f" data-id="942bc6f" data-element_type="column">
			<div class="elementor-widget-wrap elementor-element-populated">
						<div class="elementor-element elementor-element-c70e0ac elementor-widget elementor-widget-text-editor" data-id="c70e0ac" data-element_type="widget" data-widget_type="text-editor.default">
				<div class="elementor-widget-container">
			<style>/*! elementor - v3.23.0 - 05-08-2024 */
.elementor-widget-text-editor.elementor-drop-cap-view-stacked .elementor-drop-cap{background-color:#69727d;color:#fff}.elementor-widget-text-editor.elementor-drop-cap-view-framed .elementor-drop-cap{color:#69727d;border:3px solid;background-color:transparent}.elementor-widget-text-editor:not(.elementor-drop-cap-view-default) .elementor-drop-cap{margin-top:8px}.elementor-widget-text-editor:not(.elementor-drop-cap-view-default) .elementor-drop-cap-letter{width:1em;height:1em}.elementor-widget-text-editor .elementor-drop-cap{float:left;text-align:center;line-height:1;font-size:50px}.elementor-widget-text-editor .elementor-drop-cap-letter{display:inline-block}</style>				<p><br /><br /><br /><br />Présentation de la ferme</p>						</div>
				</div>
				<div class="elementor-element elementor-element-ec076b7 elementor-widget__width-initial elementor-widget elementor-widget-heading" data-id="ec076b7" data-element_type="widget" data-widget_type="heading.default">
				<div class="elementor-widget-container">
			<style>/*! elementor - v3.23.0 - 05-08-2024 */
.elementor-heading-title{padding:0;margin:0;line-height:1}.elementor-widget-heading .elementor-heading-title[class*=elementor-size-]>a{color:inherit;font-size:inherit;line-height:inherit}.elementor-widget-heading .elementor-heading-title.elementor-size-small{font-size:15px}.elementor-widget-heading .elementor-heading-title.elementor-size-medium{font-size:19px}.elementor-widget-heading .elementor-heading-title.elementor-size-large{font-size:29px}.elementor-widget-heading .elementor-heading-title.elementor-size-xl{font-size:39px}.elementor-widget-heading .elementor-heading-title.elementor-size-xxl{font-size:59px}</style><h2 class="elementor-heading-title elementor-size-default">Historique de la ferme</h2>		</div>
				</div>
				<div class="elementor-element elementor-element-f5d907b elementor-widget__width-initial elementor-widget elementor-widget-text-editor" data-id="f5d907b" data-element_type="widget" data-widget_type="text-editor.default">
				<div class="elementor-widget-container">
							<p>Le Jardin de la Perrière, <a href="https://web.archive.org/web/20210412201239/https://www.google.fr/maps/place/Le+Jardin+de+la+Perri%C3%A8re/@48.455308,-2.39257,15z/data=!4m2!3m1!1s0x0:0x40a01004ed1d2709" target="_blank" rel="noopener noreferrer">Lieu-dit Launay Chauvin</a>, 22270 Plédéliac</p><p>Ferme <a href="#http://certificat.ecocert.com/certificat.php?list=5DB5CFE3-1341-4F67-8AA7-22AA33760BF5&amp;id=125534">certifiée</a> en maraîchage biologique, dirigé par Jonathan Chabert.</p><p>Le parcours de Jonathan à commencé en 2003 chez <a href="#https://gilfort.fr/index.php/fr/andrieux.html">Jean François Andrieux</a> par un stage de découverte. Ce stage, a l époque de l adolescence (et de la grande canicule..) fut un électrochoc et fut le premier d une longue série de salariats, de stages au rocher goéland. Alain me forma  en 2003, puis devenu un ami, c’est naturellement que je me suis tourné vers lui pour m’épauler à la ferme.Puis, en 2007 après quelques pérégrinations lointaines, quelques mois passèrent chez Annick et Jean Yves Lebret à Treverien. Découverte forte d un lieu et de personnes engagés dans une agriculture biologique exigeante.</p><p>Le temps passe et la décision fut prise de choisir ce métier de paysan en étant au Brésil, bénévole à Bona Espero. Choisir et suivre une formation théorique, le BPREA au Rheu et confrontant théorie et pratique, en 2009- 2010 au <a href="#https://www.keldelice.com/producteurs/jardin-du-dragon-vert-domaine-de-portecluse">Jardin du Dragon Vert</a> en Ariège chez Josianne Delattre et -feu- François Mazué pour qui j’ai une pensée toute particulière.</p><p>De retour plus tardivement en Bretagne en passant par l Amérique du sud et la Drôme, je choisis de m installer en 2012 à Plédéliac  en étant passé par le parcours à l installation et notamment un stage de 2 mois au <a href="#https://www.jardindessalines.com/">Gaec des Salines</a> chez Antoine Cabaret et Xavier Dubée.</p><p>Nominativement le Jardin de la Perrière existe depuis novembre 2012 suite à la reprise du Potager de Solenn crée en 2007 par Solenn Bécel sur les terres de Guy Lesné à<br />Plédéliac.</p><p><a href="#http://www.confederationpaysanne22.fr/Presentation-agriculture-paysanne_634.html">L’agriculture paysanne</a> que nous pratiquons est une agriculture<br />éthique car biologique, certifiée, et cherchant à aller plus loin que la<br />technique.</p>						</div>
				</div>
				<div class="elementor-element elementor-element-0e0f461 elementor-align-left elementor-mobile-align-center elementor-widget elementor-widget-button" data-id="0e0f461" data-element_type="widget" data-widget_type="button.default">
				<div class="elementor-widget-container">
					<div class="elementor-button-wrapper">
			<a class="elementor-button elementor-button-link elementor-size-sm" href="https://lejardindelaperriere.bzh/?page_id=418">
						<span class="elementor-button-content-wrapper">
									<span class="elementor-button-text">Actualités de la ferme</span>
					</span>
					</a>
		</div>
				</div>
				</div>
					</div>
		</div>
					</div>
		</div>
				<div class="elementor-section elementor-top-section elementor-element elementor-element-a7aa63e elementor-section-stretched elementor-section-boxed elementor-section-height-default elementor-section-height-default" data-id="a7aa63e" data-element_type="section" data-settings="{&quot;stretch_section&quot;:&quot;section-stretched&quot;,&quot;background_background&quot;:&quot;classic&quot;}">
						<div class="elementor-container elementor-column-gap-no">
					<div class="elementor-column elementor-col-100 elementor-top-column elementor-element elementor-element-69595fa" data-id="69595fa" data-element_type="column">
			<div class="elementor-widget-wrap">
							</div>
		</div>
					</div>
		</div>
				</div>

<p>Présentation de la ferme Historique de la ferme Le Jardin de la Perrière, Lieu-dit Launay Chauvin, 22270 Plédéliac Ferme certifiée en maraîchage biologique, dirigé par Jonathan Chabert. Le parcours de Jonathan à commencé en 2003 chez Jean François Andrieux par un stage de découverte. Ce stage, a l époque de l adolescence (et de la grande [&hellip;]</p>
