{"id":10857,"date":"2023-09-05T17:40:32","date_gmt":"2023-09-05T17:40:32","guid":{"rendered":"https:\/\/lejardindelaperriere.bzh\/?page_id=10857"},"modified":"2023-12-05T13:00:27","modified_gmt":"2023-12-05T13:00:27","slug":"es-semer","status":"publish","type":"page","link":"https:\/\/lejardindelaperriere.bzh\/?page_id=10857","title":{"rendered":"Es-Semer"},"content":{"rendered":"<p>Sur cette page nous allons parler de mauvaises graines, de semis et de semences. De notre exp\u00e9rience autour de ces petites choses qui vont de quelques grammes a quelques centaines de grammes.<\/p><p>En effet, chaque ann\u00e9e nous semons et ressemons car l activit\u00e9 mara\u00eech\u00e8re induit que ces ch\u00e8res annuelles doivent \u00eatre mise en pot, en etre a la bonne date et dans les bonnes conditions pour germer, cro\u00eetre et pouvoir \u00eatre multipli\u00e9.<\/p><p>Depuis 2013, nous avons test\u00e9 ou multipli\u00e9 des centaines de vari\u00e9t\u00e9s dont 83 vari\u00e9t\u00e9s de haricots, 270 vari\u00e9t\u00e9s de tomates et ainsi de suite.<\/p><p>Sur al ferme, nous produisons environ 80% de nos plants et environ liss\u00e9 sur 10 ans 40% de nos semences, toute issues de vari\u00e9t\u00e9es paysannes, toute issues d une s\u00e9lection exigente. Ce savoir et cette exp\u00e9rience nous avons a coeur de la partager comme nous l avons recu.<\/p><p>Nous d\u00e9velopperons sur cette page cette aventure&#8230;<\/p><p><\/p><p>A suivre&#8230;.<\/p><figure class=\"wp-block-gallery has-nested-images columns-default is-cropped wp-block-gallery-1 is-layout-flex wp-block-gallery-is-layout-flex\"><figure class=\"wp-block-image size-large\"><img fetchpriority=\"high\" decoding=\"async\" width=\"980\" height=\"651\" data-id=\"10749\" src=\"https:\/\/i0.wp.com\/lejardindelaperriere.bzh\/wp-content\/uploads\/2022\/11\/fairesesgraines3-2.jpg?resize=980%2C651&#038;ssl=1\" alt=\"\" class=\"wp-image-10749\" srcset=\"https:\/\/i0.wp.com\/lejardindelaperriere.bzh\/wp-content\/uploads\/2022\/11\/fairesesgraines3-2-scaled.jpg?resize=1024%2C680&amp;ssl=1 1024w, https:\/\/i0.wp.com\/lejardindelaperriere.bzh\/wp-content\/uploads\/2022\/11\/fairesesgraines3-2-scaled.jpg?resize=300%2C199&amp;ssl=1 300w, https:\/\/i0.wp.com\/lejardindelaperriere.bzh\/wp-content\/uploads\/2022\/11\/fairesesgraines3-2-scaled.jpg?resize=768%2C510&amp;ssl=1 768w, https:\/\/i0.wp.com\/lejardindelaperriere.bzh\/wp-content\/uploads\/2022\/11\/fairesesgraines3-2-scaled.jpg?resize=1536%2C1020&amp;ssl=1 1536w, https:\/\/i0.wp.com\/lejardindelaperriere.bzh\/wp-content\/uploads\/2022\/11\/fairesesgraines3-2-scaled.jpg?resize=2048%2C1360&amp;ssl=1 2048w, https:\/\/i0.wp.com\/lejardindelaperriere.bzh\/wp-content\/uploads\/2022\/11\/fairesesgraines3-2-scaled.jpg?resize=800%2C531&amp;ssl=1 800w, https:\/\/i0.wp.com\/lejardindelaperriere.bzh\/wp-content\/uploads\/2022\/11\/fairesesgraines3-2-scaled.jpg?w=1960&amp;ssl=1 1960w\" sizes=\"(max-width: 980px) 100vw, 980px\" data-recalc-dims=\"1\" \/><\/figure>\n\n<figure class=\"wp-block-image size-large\"><img decoding=\"async\" width=\"199\" height=\"300\" data-id=\"10738\" src=\"https:\/\/i0.wp.com\/lejardindelaperriere.bzh\/wp-content\/uploads\/2022\/11\/fairesesgraines1.jpg?resize=199%2C300&#038;ssl=1\" alt=\"\" class=\"wp-image-10738\" data-recalc-dims=\"1\"\/><\/figure><\/figure>","protected":false},"excerpt":{"rendered":"<p>Sur cette page nous allons parler de mauvaises graines, de semis et de semences. De notre exp\u00e9rience autour de ces petites choses qui vont de quelques grammes a quelques centaines de grammes. En effet, chaque ann\u00e9e nous semons et ressemons car l activit\u00e9 mara\u00eech\u00e8re induit que ces ch\u00e8res annuelles doivent \u00eatre mise en pot, en [&hellip;]<\/p>\n","protected":false},"author":1,"featured_media":10746,"parent":0,"menu_order":0,"comment_status":"open","ping_status":"closed","template":"","meta":{"inline_featured_image":false,"jetpack_post_was_ever_published":false,"footnotes":""},"class_list":["post-10857","page","type-page","status-publish","has-post-thumbnail","hentry"],"jetpack_sharing_enabled":true,"_links":{"self":[{"href":"https:\/\/lejardindelaperriere.bzh\/index.php?rest_route=\/wp\/v2\/pages\/10857","targetHints":{"allow":["GET"]}}],"collection":[{"href":"https:\/\/lejardindelaperriere.bzh\/index.php?rest_route=\/wp\/v2\/pages"}],"about":[{"href":"https:\/\/lejardindelaperriere.bzh\/index.php?rest_route=\/wp\/v2\/types\/page"}],"author":[{"embeddable":true,"href":"https:\/\/lejardindelaperriere.bzh\/index.php?rest_route=\/wp\/v2\/users\/1"}],"replies":[{"embeddable":true,"href":"https:\/\/lejardindelaperriere.bzh\/index.php?rest_route=%2Fwp%2Fv2%2Fcomments&post=10857"}],"version-history":[{"count":4,"href":"https:\/\/lejardindelaperriere.bzh\/index.php?rest_route=\/wp\/v2\/pages\/10857\/revisions"}],"predecessor-version":[{"id":10867,"href":"https:\/\/lejardindelaperriere.bzh\/index.php?rest_route=\/wp\/v2\/pages\/10857\/revisions\/10867"}],"wp:featuredmedia":[{"embeddable":true,"href":"https:\/\/lejardindelaperriere.bzh\/index.php?rest_route=\/wp\/v2\/media\/10746"}],"wp:attachment":[{"href":"https:\/\/lejardindelaperriere.bzh\/index.php?rest_route=%2Fwp%2Fv2%2Fmedia&parent=10857"}],"curies":[{"name":"wp","href":"https:\/\/api.w.org\/{rel}","templated":true}]}}

<p>Sur cette page nous allons parler de mauvaises graines, de semis et de semences. De notre expérience autour de ces petites choses qui vont de quelques grammes a quelques centaines de grammes.</p><p>En effet, chaque année nous semons et ressemons car l activité maraîchère induit que ces chères annuelles doivent être mise en pot, en etre a la bonne date et dans les bonnes conditions pour germer, croître et pouvoir être multiplié.</p><p>Depuis 2013, nous avons testé ou multiplié des centaines de variétés dont 83 variétés de haricots, 270 variétés de tomates et ainsi de suite.</p><p>Sur al ferme, nous produisons environ 80% de nos plants et environ lissé sur 10 ans 40% de nos semences, toute issues de variétées paysannes, toute issues d une sélection exigente. Ce savoir et cette expérience nous avons a coeur de la partager comme nous l avons recu.</p><p>Nous développerons sur cette page cette aventure&#8230;</p><p></p><p>A suivre&#8230;.</p><figure class="wp-block-gallery has-nested-images columns-default is-cropped wp-block-gallery-1 is-layout-flex wp-block-gallery-is-layout-flex"><figure class="wp-block-image size-large"><img fetchpriority="high" decoding="async" width="980" height="651" data-id="10749" src="https://i0.wp.com/lejardindelaperriere.bzh/wp-content/uploads/2022/11/fairesesgraines3-2.jpg?resize=980%2C651&#038;ssl=1" alt="" class="wp-image-10749" srcset="https://i0.wp.com/lejardindelaperriere.bzh/wp-content/uploads/2022/11/fairesesgraines3-2-scaled.jpg?resize=1024%2C680&amp;ssl=1 1024w, https://i0.wp.com/lejardindelaperriere.bzh/wp-content/uploads/2022/11/fairesesgraines3-2-scaled.jpg?resize=300%2C199&amp;ssl=1 300w, https://i0.wp.com/lejardindelaperriere.bzh/wp-content/uploads/2022/11/fairesesgraines3-2-scaled.jpg?resize=768%2C510&amp;ssl=1 768w, https://i0.wp.com/lejardindelaperriere.bzh/wp-content/uploads/2022/11/fairesesgraines3-2-scaled.jpg?resize=1536%2C1020&amp;ssl=1 1536w, https://i0.wp.com/lejardindelaperriere.bzh/wp-content/uploads/2022/11/fairesesgraines3-2-scaled.jpg?resize=2048%2C1360&amp;ssl=1 2048w, https://i0.wp.com/lejardindelaperriere.bzh/wp-content/uploads/2022/11/fairesesgraines3-2-scaled.jpg?resize=800%2C531&amp;ssl=1 800w, https://i0.wp.com/lejardindelaperriere.bzh/wp-content/uploads/2022/11/fairesesgraines3-2-scaled.jpg?w=1960&amp;ssl=1 1960w" sizes="(max-width: 980px) 100vw, 980px" data-recalc-dims="1" /></figure>

<figure class="wp-block-image size-large"><img decoding="async" width="199" height="300" data-id="10738" src="https://i0.wp.com/lejardindelaperriere.bzh/wp-content/uploads/2022/11/fairesesgraines1.jpg?resize=199%2C300&#038;ssl=1" alt="" class="wp-image-10738" data-recalc-dims="1"/></figure></figure>

<p>Sur cette page nous allons parler de mauvaises graines, de semis et de semences. De notre expérience autour de ces petites choses qui vont de quelques grammes a quelques centaines de grammes. En effet, chaque année nous semons et ressemons car l activité maraîchère induit que ces chères annuelles doivent être mise en pot, en [&hellip;]</p>
